7570
In base 8, what is -2756 - 131?
-3107
In base 7, what is 20 + -316661?
-316641
In base 16, what is 1f - 9f6?
-9d7
In base 8, what is -201141 + 5?
-201134
In base 13, what is 3a + 5c6?
633
In base 8, what is 42 + -57374?
-57332
In base 10, what is -398 + -246?
-644
In base 9, what is 12 + 188310?
188322
In base 14, what is 3 - -c30b1?
c30b4
In base 15, what is -1 + -4378?
-4379
In base 4, what is 12031 - 2020?
10011
In base 11, what is 14 + -519?
-505
In base 13, what is -43 + 103?
90
In base 6, what is -202 - 1311101?
-1311303
In base 3, what is -11 + 2010001121121?
2010001121110
In base 5, what is 1 - -112342?
112343
In base 13, what is 2c496a + -3?
2c4967
In base 11, what is -611496 - 5?
-6114a0
In base 14, what is -14264 + 9?
-14259
In base 10, what is 71694 + -19?
71675
In base 10, what is -1 + -24547?
-24548
In base 14, what is -4 + -5051?
-5055
In base 2, what is 1 + 1000000000010011?
1000000000010100
In base 11, what is -176 + -1336?
-1501
In base 16, what is 23 + 1342?
1365
In base 5, what is 31201 + 34?
31240
In base 14, what is -1 + 11a3?
11a2
In base 2, what is 100 - -100111000110101111011?
100111000110101111111
In base 3, what is 2210012 - 121?
2202121
In base 3, what is 12 - -211001010?
211001022
In base 3, what is -20000010020 - 2?
-20000010022
In base 4, what is 301 + 31110?
32011
In base 8, what is 17115 - 3?
17112
In base 8, what is -34075 - 3?
-34100
In base 12, what is 21890 - 2?
2188a
In base 10, what is 1 - -14121?
14122
In base 2, what is 0 - 1111101100011?
-1111101100011
In base 14, what is 53c5d - 7?
53c56
In base 6, what is 0 - 204224?
-204224
In base 8, what is -5252512 - 3?
-5252515
In base 4, what is -2312333 - 1312?
-2320311
In base 8, what is -5512 + 40?
-5452
In base 2, what is -10011 + 101101101001?
101101010110
In base 12, what is 1b4 + 626?
81a
In base 3, what is 21001022 - 102?
21000220
In base 11, what is -239201 - -3?
-2391a9
In base 11, what is 18 - 2970?
-2953
In base 3, what is 1 - 1220022120212?
-1220022120211
In base 9, what is 107 - 548?
-441
In base 7, what is -1321 - -4536?
3215
In base 3, what is 1022201 - 22212?
222212
In base 7, what is -2066 - -10051?
4652
In base 15, what is 3 - -274b?
274e
In base 12, what is -364537 - -3?
-364534
In base 14, what is 511 + b?
51c
In base 14, what is -40496 - -1?
-40495
In base 12, what is 150ba0 - 0?
150ba0
In base 3, what is -2100010 + 1022?
-2021211
In base 8, what is 6 - 7226?
-7220
In base 3, what is 210201121111 + 12?
210201121200
In base 12, what is -85 + -1279?
-1342
In base 14, what is -8d6 + -173?
-a69
In base 15, what is -2220 - -9?
-2216
In base 3, what is -20 + -1201012?
-1201102
In base 7, what is -156562 + 36?
-156523
In base 8, what is 1 + -136225?
-136224
In base 4, what is -30 + 20233002?
20232312
In base 11, what is 645a - -5?
6464
In base 9, what is 14577 + 10?
14587
In base 16, what is 4 + -1e3e?
-1e3a
In base 8, what is -24130 + 6?
-24122
In base 7, what is 3 + 212154?
212160
In base 8, what is -4424 + 41?
-4363
In base 11, what is 353779 + -4?
353775
In base 12, what is 14ab9b - -5?
14aba4
In base 5, what is -401123 - 23?
-401201
In base 2, what is -1001000 - -10001010011?
10000001011
In base 15, what is -1a + 11500?
114d5
In base 13, what is -c9 + -83c1?
-84ba
In base 8, what is -21 + 5532?
5511
In base 11, what is 1 - -328738?
328739
In base 3, what is 22010210200021 - -2?
22010210200100
In base 6, what is 1340 - 4?
1332
In base 15, what is 4 + 30ad?
30b2
In base 7, what is -12055 + -36?
-12124
In base 12, what is -28 - b4a8?
-b514
In base 15, what is 66192 - -b?
6619d
In base 11, what is -5 - -8269?
8264
In base 5, what is 3302343 - -10?
3302403
In base 7, what is 30326 - 5?
30321
In base 7, what is -4 - 112606?
-112613
In base 9, what is -12610 + 5?
-12604
In base 8, what is -1321 - 2500?
-4021
In base 2, what is 11101001000 + 11111111?
100001000111
In base 16, what is 39d + 5aa?
947
In base 13, what is -3 + 18103?
18100
In base 9, what is 5421 + -1?
5420
In base 9, what is -43 - -72362?
72318
In base 14, what is -48b - 444?
-8d1
In base 8, what is -245020 - -40?
-244760
In base 5, what is -2 + 10442113?
10442111
In base 3, what is -1110000000 - 1?
-1110000001
In base 5, what is 40140312 - -1?
40140313
In base 10, what is 511 - -107?
618
In base 5, what is -3 + -10222344?
-10222402
In base 13, what is 4376 + 1a?
4393
In base 4, what is 10 + 313210312?
313210322
In base 7, what is 44 + -1125?
-1051
In base 15, what is -515d6e + 4?
-515d6a
In base 7, what is 21 - -440344?
440365
In base 5, what is 20203 - -142?
20400
In base 7, what is 6306 - 2?
6304
In base 15, what is 264a5 - 2?
264a3
In base 15, what is -5 - 2b47d?
-2b483
In base 3, what is 121222210 - 0?
121222210
In base 12, what is 2687 + 591?
3058
In base 10, what is 143 - -4449?
4592
In base 3, what is 12202121 + 11101?
12220222
In base 12, what is -775 - -1061?
4a8
In base 13, what is -1 - -16008?
16007
In base 14, what is 2bc788 - 0?
2bc788
In base 8, what is -7 + 25014?
25005
In base 11, what is -5 + -9938?
-9942
In base 12, what is -4 + 1359b?
13597
In base 2, what is -1001000111010000111 + 1?
-1001000111010000110
In base 12, what is a25 - -464?
1289
In base 4, what is -10 + 312302?
312232
In base 11, what is 8718 + 3?
8720
In base 13, what is 42 - -109?
14b
In base 16, what is 7 - -1f149?
1f150
In base 2, what is 1011110110000101 - -1111?
1011110110010100
In base 10, what is 11705 - -22?
11727
In base 6, what is -52 + 113?
21
In base 8, what is -7 + 1271016?
1271007
In base 11, what is -13 + -9384?
-9397
In base 4, what is 302 + 1203301?
1210203
In base 7, what is -1251100 - 1?
-1251101
In base 4, what is -1000213303 + 12?
-1000213231
In base 6, what is 110233 - 11?
110222
In base 12, what is -10 - 79a8?
-79b8
In base 11, what is 15a6 + 10?
1606
In base 14, what is 16a + 9c?
228
In base 13, what is 2489 + -17?
2472
In base 8, what is -1621106 - 2?
-1621110
In base 16, what is -bfd - 0?
-bfd
In base 9, what is -16 - -1853?
1836
In base 2, what is 10101111100011 - 1000?
10101111011011
In base 16, what is -4 - -57db4?
57db0
In base 6, what is -1 + -14313502?
-14313503
In base 4, what is 11230 - -2003?
13233
In base 7, what is -40021 - -154?
-36534
In base 15, what is 7 - -aac?
ab4
In base 5, what is -31011 - -122?
-30334
In base 7, what is -510366 + 13?
-510353
In base 2, what is 1100100111 + -1101?
1100011010
In base 4, what is -301 - 1200011?
-1200312
In base 9, what is 151 + -8325?
-8164
In base 5, what is -44 + -323211?
-323310
In base 6, what is -5 - 222143?
-222152
In base 8, what is -163 - 5511?
-5674
In base 16, what is 10 + 42?
52
In base 8, what is 32446 - -3?
32451
In base 3, what is -11021 + -100021?
-111112
In base 2, what is 1000110100010 + -101110001?
1000000110001
In base 2, what is -1000 + -111001101110110001?
-111001101110111001
In base 11, what is 111907 - -2?
111909
In base 11, what is 1138 - -234?
1371
In base 3, what is 1100 + -121010012?
-121001212
In base 11, what is -308 - 0?
-308
In base 9, what is -270614 + -6?
-270621
In base 16, what is -22 - -100f1?
100cf
In base 12, what is 302 - -1371?
1673
In base 15, what is -6d637 - -1?
-6d636
In base 12, what is 309b3 - -37?
30a2a
In base 15, what is -5 - -6476e?
64769
In base 15, what is -79e + 149?
-655
In base 12, what is -1310 + 167?
-1165
In base 15, what is -2 + d0?
cd
In base 13, what is 59 - -b1?
13a
In base 5, what is -3 + -30202043?
-30202101
In base 12, what is -1178723 + 5?
-117871a
In base 9, what is -4 + -682484?
-682488
In base 13, what is 208a3 - 80?
20823
In base 9, what is 2 + -16557?
-16555
In base 16, what is 4 + 18c8?
18cc
In base 14, what is 40 - 2937?
-28d7
In base 15, what is 4d208 + -13?
4d1e5
In base 10, what is -5 - 24416?
-24421
In base 2, what is -11 - -100101100011001?
100101100010110
In base 7, what is -2244 + 1?
-2243
In base 13, what is 5845 + -1?
5844
In base 14, what is -19dd0 + -4?
-19dd4
In base 14, what is 19 + 4300?
4319
In base 16, what is 2 - -11d1a0?
11d1a2
In base 11, what is -25 - a198?
-a212
In base 2, what is -1100011101000001 + 1?
-1100011101000000
In base 10, what is -26541 - -1?
-26540
In base 9, what is 207 + 1223?
1431
In base 3, what is -111102202 - 10?
-111102212
In base 3, what is 1 + -111002022100?
-111002022022
In base 9, what is 364 + -2463?
